Suppose -u = 4*p - 3*u - s, -49 = -3*p - 4*u. What are the prime factors of p?
11
Let y be 5*(-5)/((-25)/2). List the prime factors of 65/(-10)*(y + -6).
2, 13
Let z(r) be the third derivative of -r**7/5040 + r**6/240 - r**5/20 - 2*r**2. Let u(g) be the third derivative of z(g). List the prime factors of u(-10).
13
Let r(i) = 4*i + 4. Let o be r(3). Suppose 3*y - 14 = o. What are the prime factors of y?
2, 5
Let r be 3*1*(-3 + 4). Suppose 0*n - r*n = -9. What are the prime factors of n?
3
Suppose -5*n = 3 + 2, 3*i = 3*n + 18. List the prime factors of i.
5
Let y be (1 + -1)*(4 - 5). Suppose -2*g - g - 3*c = -78, y = -2*c + 10. Let h = g - 14. List the prime factors of h.
7
Suppose -55 = -19*x + 24*x. Let l = -25 + 5. Let b = x - l. List the prime factors of b.
3
Suppose -24 = -4*p - 0. List the prime factors of p.
2, 3
Let g(a) = 3*a + 4. Let m(z) = -z**3 - z**2 + 4*z. Let r be m(-3). What are the prime factors of g(r)?
2, 11
Let f = -18 - -94. Suppose -b = -w + f, 4*w + 302 = 8*w - 2*b. List the prime factors of w/12 + 2/(-8).
2, 3
What are the prime factors of 6/(-27) + (-434)/(-9)?
2, 3
Suppose 0 = -4*w + 476 + 60. What are the prime factors of w?
2, 67
List the prime factors of 10 - 6 - 86/(-1).
2, 3, 5
Suppose 13*q - 12 - 1132 = 0. What are the prime factors of q?
2, 11
Suppose 0 = 6*t - 2*t - 152. List the prime factors of t.
2, 19
Suppose -7*z + 4*z - 42 = 0. Let d = z + 24. Suppose 0*r + d = r. List the prime factors of r.
2, 5
Let y(o) = 8*o**2 - 15*o + 48. List the prime factors of y(7).
5, 67
Let w(p) = 10*p + 1. What are the prime factors of w(4)?
41
Suppose 373 = 4*r - 5*s - 7, -352 = -4*r - 2*s. Suppose -4*q + 0*q = 2*w - r, -5*w = -5*q - 225. What are the prime factors of w?
3, 5
Suppose 1 + 1 = 2*r. List the prime factors of (r + 1 + -1)*18.
2, 3
Let i = 6 - -43. What are the prime factors of i?
7
Suppose -2*p + 2 + 1 = -x, -2*x - 2 = 0. Let b(k) = -11*k + 1. Let g(n) = -10*n + 1. Let l(y) = 5*b(y) - 6*g(y). List the prime factors of l(p).
2
Let z be (-8)/(-12)*(-6)/(-2). Suppose -3*h + 150 = 3*y, -55 = z*h - 3*h - 2*y. What are the prime factors of h?
3, 5
Let a(m) = -m**3 + 3*m**2 + 2*m - 4. Let u(j) = -2*j - 5. Let k be u(-5). Suppose 6 = 2*q - k*w, q - 5*w = 5*q - 12. What are the prime factors of a(q)?
2
Let m(v) = 0*v + 13*v + 0*v - 3 + 11*v. List the prime factors of m(2).
3, 5
Suppose -5*i + 228 = -2*l, -1 + 9 = -2*l. List the prime factors of i.
2, 11
Let w(h) = -2*h - 7. Let v be w(-6). Suppose 20 = v*l - 3*d, -4*d = l + 3*l - 16. Let o = 17 - l. List the prime factors of o.
13
Suppose v - 17 = -h - h, 3*h - 4*v - 9 = 0. Suppose 0 = -4*u + 89 - 29. Suppose 0 = -2*d + h*d - u. List the prime factors of d.
3
Let g(f) = -4*f - 4 - 2 + 2*f. Let d be g(-5). Let c(m) = 4*m - 4. What are the prime factors of c(d)?
2, 3
Suppose -4*h + 75 = -m, -4*m = -2*h + 4*h - 24. Let l = 50 - h. List the prime factors of l.
2
List the prime factors of (-136)/(-6) + (-2)/(-6).
23
Suppose 4*f = 20 - 4. Let w = 0 + f. Suppose -6 = -3*r - 3*c, 3*r = c + w*c + 46. List the prime factors of r.
7
Let v = 4 - -8. What are the prime factors of v?
2, 3
Let t(q) = 2*q + 3 - 2*q**2 - 5 - 4*q + 4 - q**3. List the prime factors of t(-2).
2, 3
Suppose 6*s - 48 = 3*s. What are the prime factors of s?
2
Suppose 2*n + 4*o = -4, 2*n + 5*o - 1 = -2*n. Let x(t) = -4*t + 2. Let u(v) = 13*v - 7. Let b(m) = n*u(m) + 14*x(m). List the prime factors of b(-3).
2, 3
Suppose -2 + 6 = d. Let a be ((-6)/8)/(-1)*d. Suppose -35 = -5*m + 5*k, k - 6*k = -a*m + 17. What are the prime factors of m?
3
Let a = -13 + 22. Suppose -y + 34 + a = p, 4*y = p + 187. List the prime factors of y.
2, 23
Suppose -197 = -2*u - 2*u - q, 2*u = -3*q + 101. What are the prime factors of u?
7
Let p(y) be the first derivative of y**4/4 + y**3/3 + y**2/2 + 18*y - 3. List the prime factors of p(0).
2, 3
Let j(h) = -h**2 - 9*h + 6. Let t(r) = r**3 + 2*r**3 - 5*r**2 - 3*r**3 - r - r**3 + 4. Let x be t(-4). List the prime factors of j(x).
2, 7
What are the prime factors of (1 + 0)/((-11)/(-473))?
43
What are the prime factors of (-1 - -3)/((-6)/(-147))?
7
Suppose f = -o + 2*o + 5, 2*o = -3*f + 10. List the prime factors of f.
2
Let o(y) = y**2 + 9*y + 2. Let w be o(-9). Suppose p - 6 = -l - 0*p, w*l = 2*p. Suppose -l*c = -32 - 13. What are the prime factors of c?
3, 5
Suppose 21 = -5*p + 46. Let i = 4 + -1. Suppose p*t + 44 = 4*a + i*t, -4*a + 24 = 3*t. What are the prime factors of a?
3
Suppose 2710 = -5*m - 470. What are the prime factors of 2/(-6) + m/(-18)?
5, 7
Let h(k) = 3*k**2 + 5*k + 8. Let p(x) = -x**2 - 1. Let d(u) = h(u) + 2*p(u). Let m be d(-5). Suppose m*i - 45 = i. List the prime factors of i.
3
Let x(w) = -2*w + 2. Suppose 2*o - 4*g = -2*o + 44, 4*g + 20 = 0. Let i = 4 - o. What are the prime factors of x(i)?
2, 3
Let z(r) = 3*r - 16. Let i(u) = 2*u - 8. Let a(g) = 5*i(g) - 3*z(g). What are the prime factors of a(0)?
2
Let s = 121 - 83. What are the prime factors of s?
2, 19
Let n = 19 + 17. List the prime factors of n.
2, 3
Let p(b) = -4*b + 1. Let g(l) = 4*l + 0*l - 2*l + 1 - 3*l. Let i(o) = 5*g(o) - p(o). List the prime factors of i(2).
2
What are the prime factors of (-237)/(1 + (-15)/6)?
2, 79
Let a be (5 + 2)/((-3)/(-3)). Suppose -f - 1 + a = 0. Let m = 11 - f. List the prime factors of m.
5
Suppose -2*r = 3*r - 2*s - 1801, -3*r + s + 1081 = 0. List the prime factors of r.
19
Let g = -2 - -4. Suppose -3*v - g = 2*d, 2*v - 3 = 3*d + v. What are the prime factors of 7 - (0 + 1) - d?
7
Suppose -3*u = -2*a + 69, 5*a - u = 3*a + 59. List the prime factors of a.
3
Let z(p) = 4*p - 16. Let q(d) = -3*d + 15. Let w(h) = 6*q(h) + 5*z(h). What are the prime factors of w(7)?
2, 3
Suppose 8*g - 3*x - 72 = 3*g, -2*x = 3*g - 28. Suppose 5*w + g = 197. What are the prime factors of w?
37
Let r(q) = -q**3 - 4*q**2 - 2*q - 6. Let x be r(-4). Suppose x*v = -3*v + 90. List the prime factors of v.
2, 3
Let y be 4/18 + (-88)/(-9). Let u be (3/5)/(2/y). Suppose -36 = -h - 3*h - 4*z, -5*h + 35 = u*z. List the prime factors of h.
2
Let f(p) be the first derivative of 5*p**3/3 - 3*p**2/2 - 2*p - 3. What are the prime factors of f(-2)?
2, 3
Let f be (-1 - -3) + (-3)/1. Suppose -3*y + 5*g = y - 24, -2*y = -2*g - 10. Let q = y - f. What are the prime factors of q?
2
Let z = 3 + 1. Let m be 103/z - (-6)/(-8). Let d = -11 + m. What are the prime factors of d?
2, 7
Let t = 40 - -2. Let c = 2 + t. What are the prime factors of c?
2, 11
Let c = -315 + 599. What are the prime factors of c?
2, 71
Suppose 6*a - 2*a = -q + 332, -2*q + 166 = 2*a. List the prime factors of a.
83
Suppose 2*a - 6 = 22. Suppose 2*s + 2*r - a = 0, 3*s - 2*r = -6*r + 23. Suppose s = -2*j + 11. List the prime factors of j.
3
What are the prime factors of (-48)/14*(3 - 10)?
2, 3
Let i be (-26)/2*(0 - 2). List the prime factors of -7 + 4 + i/2.
2, 5
Suppose 2*p + 34 = z - 38, p + 4*z + 27 = 0. Let t = 1 - p. Let u = t + -25. List the prime factors of u.
11
Suppose o - 5*a - 6 = 7, -a + 1 = o. Suppose -6*h = -o*h - 30. List the prime factors of h.
2, 5
Let b = -12 + -3. Let i = 31 + b. Suppose -i - 17 = -3*j. What are the prime factors of j?
11
Let b = -19 + 34. Let f be (10/b)/(4/(-186)). Let d = -20 - f. What are the prime factors of d?
11
Suppose 12 - 40 = -4*s. Let l(i) = -i - 1. Let o be l(s). What are the prime factors of (2/(-3))/(o/204)?
17
Suppose 0 = -2*x + 3 + 11. Suppose 0 = -3*m - x + 19. List the prime factors of m.
2
Let x(i) be the third derivative of i**5/15 + 5*i**4/12 + 5*i**2. List the prime factors of x(-4).
2, 3
Let s(i) = i**3 + 4*i**2 + i - 3. Let l be s(-3). Suppose -5*v - l*q = 10, 5*v + 10 = -0*v + q. Let y(m) = -6*m. List the prime factors of y(v).
2, 3
Let c(u) = -9*u**3 + 1. Let f = 3 + -4. List the prime factors of c(f).
2, 5
Let t(w) = w**3 - 7*w**2 + 6*w + 4. Let q be 80/14 + (-2)/(-7). Suppose 0 = -k - 2*s + 4, -2*k + 2*s = -q - 8. What are the prime factors of t(k)?
2
Let w = -1 - -3. Suppose 2*z = w*i - 21 - 1, 4*z = -2*i + 10. List the prime factors of i.
3
Suppose 0 = 4*l + 2*g + 10, g = 3*l + l + 7. List the prime factors of l/3 + (-328)/(-24).
13
Suppose -w = -b + 80, 164 = 2*b - 2*w + 4*w. Suppose 4 = y + 4*d, -5*y + b + 34 = d. What are the prime factors of y?
2, 3
Suppose -22 = -2*h + 54. List th